50 and 100?
50
What is the greatest common factor of 511629472 and 11522?
1646
Calculate the greatest common divisor of 19789659 and 35739.
3249
What is the greatest common divisor of 343280028 and 84?
84
Calculate the highest common factor of 27623442 and 924.
462
What is the greatest common factor of 4470 and 124797930?
4470
What is the greatest common factor of 16 and 118463572?
4
What is the greatest common divisor of 354585 and 42735?
1155
Calculate the greatest common factor of 1843821 and 5096.
49
What is the highest common factor of 184928 and 8128?
32
What is the greatest common factor of 7270 and 1679362730?
7270
What is the highest common divisor of 729960 and 764088?
1896
Calculate the highest common divisor of 513 and 49278267.
513
Calculate the highest common factor of 206142136 and 11679.
3893
Calculate the greatest common divisor of 230 and 459144170.
230
What is the highest common divisor of 128 and 12388016?
16
What is the highest common factor of 13199276 and 17?
17
What is the highest common factor of 142890 and 15741?
33
What is the greatest common divisor of 24120 and 12701190?
2010
What is the highest common factor of 2784313 and 7?
7
Calculate the highest common divisor of 217865 and 25.
5
What is the highest common divisor of 86623 and 207727?
841
Calculate the highest common factor of 1599 and 69538365.
39
Calculate the greatest common factor of 9197385 and 668985.
1545
Calculate the highest common factor of 76 and 9518943.
19
What is the greatest common factor of 277 and 32463569?
277
What is the greatest common factor of 10840896 and 768?
192
What is the greatest common divisor of 27819 and 945153?
99
What is the greatest common divisor of 8200 and 36624275?
1025
What is the highest common factor of 310 and 52871368?
62
Calculate the highest common factor of 33749993 and 23.
23
Calculate the highest common divisor of 813256 and 2537.
59
What is the greatest common divisor of 32562 and 8462502?
3618
What is the highest common factor of 160247 and 5008283?
2257
Calculate the greatest common factor of 259426536 and 4440.
888
Calculate the greatest common divisor of 948 and 3427848.
12
Calculate the highest common factor of 1360661 and 8677593.
9011
Calculate the greatest common divisor of 906444 and 42812.
308
Calculate the greatest common factor of 2436080835 and 30.
15
What is the greatest common divisor of 1133398 and 266?
14
What is the highest common factor of 193946724 and 38340?
7668
What is the greatest common divisor of 211873072 and 1856?
464
Calculate the highest common divisor of 154866425 and 140.
35
What is the highest common factor of 37810894 and 25775?
1031
Calculate the highest common factor of 592134444 and 534.
534
What is the greatest common factor of 84405 and 63700950?
4965
Calculate the highest common divisor of 85655 and 1140369.
463
What is the highest common factor of 1510231 and 1816?
227
What is the greatest common factor of 511872 and 827234?
86
Calculate the greatest common divisor of 34665539 and 214.
107
Calculate the highest common factor of 482546526 and 1813.
259
What is the greatest common factor of 49317 and 819049?
967
What is the highest common factor of 1524 and 71796?
12
Calculate the greatest common factor of 147 and 371038416.
21
What is the highest common factor of 200 and 4037950?
50
What is the highest common factor of 1177811 and 612?
17
Calculate the highest common factor of 12 and 78394452.
12
What is the greatest common factor of 82354334 and 4?
2
What is the greatest common divisor of 214047 and 580329?
153
Calculate the greatest common divisor of 4227446 and 1334.
1334
What is the greatest common factor of 259011 and 34933?
181
What is the greatest common divisor of 1120 and 5664608?
32
What is the greatest common divisor of 62338 and 391636?
142
Calculate the greatest common divisor of 4543163 and 3628.
907
What is the highest common divisor of 142747 and 451?
11
Calculate the highest common divisor of 9692 and 552.
4
What is the greatest common divisor of 97818318 and 468?
234
What is the highest common factor of 625707 and 281850?
5637
What is the greatest common factor of 544 and 1092624?
272
Calculate the highest common factor of 505032 and 416856.
264
What is the highest common divisor of 632 and 358296600?
632
What is the greatest common divisor of 95076024 and 24?
24
Calculate the greatest common factor of 11 and 19827533.
11
Calculate the greatest common divisor of 1174410 and 495.
45
Calculate the highest common divisor of 84365 and 911095.
235
What is the highest common divisor of 13 and 5677841?
13
What is the highest common factor of 10252 and 5199628?
932
Calculate the highest common factor of 820377 and 21.
3
Calculate the greatest common factor of 172433803 and 359.
359
What is the highest common factor of 523825 and 39173?
911
What is the highest common factor of 10670 and 13690?
10
What is the greatest common factor of 140 and 433980?
20
Calculate the highest common factor of 503149040 and 50.
10
Calculate the greatest common factor of 37 and 2136164179.
37
Calculate the greatest common divisor of 918572 and 4454.
262
What is the highest common factor of 30140 and 8715940?
2740
What is the highest common factor of 24520615 and 14?
7
What is the highest common divisor of 96 and 3749828352?
96
Calculate the highest common divisor of 314638350 and 6.
6
What is the greatest common factor of 458 and 607915537?
229
What is the greatest common factor of 185 and 12778505?
185
What is the highest common factor of 1900921 and 15049?
101
What is the highest common factor of 608 and 863968?
608
Calculate the greatest common factor of 55240 and 263680.
40
Calculate the greatest common factor of 1729 and 440287.
19
What is the greatest common divisor of 2068 and 4531787?
47
Calculate the highest common factor of 196 and 18255797.
7
Calculate the greatest common factor of 392 and 8620864.
392
What is the highest common divisor of 90954 and 3196782?
558
Calculate the highest common factor of 119836 and 1112.
4
What is the greatest common factor of 37315 and 8653?
17
What is the highest common factor of 54630 and 3007078?
1214
Calculate the greatest common divisor of 1270 and 262247380.
1270
Calculate the greatest common divisor of 26176269 and 28.
7
What is the greatest common divisor of 101014610 and 1238?
1238
Calculate the greatest common factor of 12795030 and 2538.
54
What is the greatest common divisor of 6847 and 463423?
41
What is the greatest common divisor of 10244 and 189949370?
5122
Calculate the highest common divisor of 112 and 7008575.
7
What is the highest common divisor of 7150910 and 64990?
670
What is the highest common divisor of 1877876 and 11591?
67
Calculate the highest common factor of 773 and 1150051621.
773
Calculate the highest common divisor of 23166 and 7209.
81
Calculate the greatest common factor of 166991 and 126654.
209
What is the highest common factor of 272964868 and 76?
76
Calculate the highest common factor of 95748 and 36340.
316
Calculate the highest common divisor of 41038 and 6035.
1207
What is the highest common factor of 153284506 and 2186?
2186
Calculate the greatest common divisor of 59821 and 545729.
367
Calculate the highest common divisor of 27977067 and 9.
9
What is the greatest common factor of 78327 and 13527?
81
Calculate the highest common factor of 340 and 72204780.
340
What is the greatest common divisor of 90062912 and 32320?
6464
What is the greatest common factor of 292006825 and 17050?
8525
Calculate the greatest common factor of 45456 and 15180.
12
What is the greatest common divisor of 64159 and 6806?
83
Calculate the greatest common factor of 4805 and 574456009.
961
What is the greatest common factor of 4075192 and 5368?
88
What is the highest common divisor of 345219710 and 550?
110
Calculate the highest common factor of 582 and 21095366.
194
Calculate the highest common factor of 530 and 61017045.
265
What is the greatest common factor of 159993856 and 318?
106
What is the greatest common divisor of 1329182 and 254?
254
Calculate the highest common factor of 2186 and 1211811286.
2186
Calculate the greatest common divisor of 926022 and 798.
114
Calculate the greatest common divisor of 9459376 and 